 of 3298699?
9
What is the ten thousands digit of 21224152?
2
What is the units digit of 232706?
6
What is the units digit of 397792?
2
What is the tens digit of 186100?
0
What is the hundred thousands digit of 245351?
2
What is the units digit of 219530?
0
What is the thousands digit of 7800009?
0
What is the ten thousands digit of 8268564?
6
What is the tens digit of 781073?
7
What is the units digit of 25763720?
0
What is the thousands digit of 16046?
6
What is the ten thousands digit of 28696722?
9
What is the hundred thousands digit of 4718913?
7
What is the ten thousands digit of 661638?
6
What is the hundred thousands digit of 239503?
2
What is the thousands digit of 217910?
7
What is the millions digit of 7480783?
7
What is the millions digit of 5161247?
5
What is the units digit of 466191?
1
What is the hundred thousands digit of 8844329?
8
What is the hundreds digit of 18686?
6
What is the ten millions digit of 33697765?
3
What is the hundred thousands digit of 11938817?
9
What is the millions digit of 10963376?
0
What is the hundreds digit of 11704628?
6
What is the hundreds digit of 1451325?
3
What is the hundred thousands digit of 3102721?
1
What is the units digit of 228550?
0
What is the hundreds digit of 975365?
3
What is the hundreds digit of 508125?
1
What is the tens digit of 1968103?
0
What is the units digit of 12674283?
3
What is the hundreds digit of 683171?
1
What is the thousands digit of 18105494?
5
What is the units digit of 10285267?
7
What is the hundreds digit of 506893?
8
What is the millions digit of 6840255?
6
What is the tens digit of 242933?
3
What is the units digit of 10552795?
5
What is the units digit of 219917?
7
What is the thousands digit of 595773?
5
What is the hundreds digit of 3129340?
3
What is the hundreds digit of 17602321?
3
What is the tens digit of 30635582?
8
What is the tens digit of 1120201?
0
What is the hundred thousands digit of 120068?
1
What is the ten thousands digit of 128309?
2
What is the ten thousands digit of 462372?
6
What is the tens digit of 36236?
3
What is the tens digit of 2913856?
5
What is the ten thousands digit of 91973?
9
What is the units digit of 13466292?
2
What is the units digit of 316042?
2
What is the tens digit of 129492?
9
What is the tens digit of 815922?
2
What is the units digit of 8358?
8
What is the tens digit of 1821782?
8
What is the ten thousands digit of 10365?
1
What is the ten thousands digit of 3809554?
0
What is the hundreds digit of 22349273?
2
What is the thousands digit of 917332?
7
What is the tens digit of 1506026?
2
What is the ten thousands digit of 3934685?
3
What is the thousands digit of 11731510?
1
What is the millions digit of 7928115?
7
What is the hundreds digit of 1559470?
4
What is the hundreds digit of 2989598?
5
What is the ten millions digit of 16950877?
1
What is the thousands digit of 1399591?
9
What is the tens digit of 30035660?
6
What is the hundred thousands digit of 378816?
3
What is the tens digit of 2629369?
6
What is the thousands digit of 6804464?
4
What is the hundred thousands digit of 118582?
1
What is the millions digit of 16557520?
6
What is the ten millions digit of 16092463?
1
What is the ten thousands digit of 11738773?
3
What is the thousands digit of 218290?
8
What is the hundred thousands digit of 30696867?
6
What is the units digit of 98864?
4
What is the units digit of 34396363?
3
What is the tens digit of 77060?
6
What is the hundred thousands digit of 1093831?
0
What is the hundred thousands digit of 5051444?
0
What is the tens digit of 213896?
9
What is the units digit of 3907737?
7
What is the units digit of 2927100?
0
What is the units digit of 49325?
5
What is the hundred thousands digit of 653404?
6
What is the ten thousands digit of 283514?
8
What is the ten thousands digit of 1045206?
4
What is the thousands digit of 166702?
6
What is the ten thousands digit of 6293212?
9
What is the millions digit of 6810067?
6
What is the units digit of 3701116?
6
What is the tens digit of 7151853?
5
What is the ten thousands digit of 168643?
6
What is the ten thousands digit of 1108119?
0
What is the ten thousands digit of 77918?
7
What is the hundred thousands digit of 515192?
5
What is the thousands digit of 11707?
1
What is the thousands digit of 3300981?
0
What is the thousands digit of 123747?
3
What is the units digit of 31131436?
6
What is the thousands digit of 94250?
4
What is the ten thousands digit of 584630?
8
What is the thousands digit of 22559?
2
What is the ten thousands digit of 95963?
9
What is the hundred thousands digit of 1601030?
6
What is the units digit of 537869?
9
What is the thousands digit of 665938?
5
What is the hundred thousands digit of 8469457?
4
What is the tens digit of 5085546?
4
What is the units digit of 1919375?
5
What is the thousands digit of 7845998?
5
What is the ten thousands digit of 2374214?
7
What is the ten thousands digit of 7500323?
0
What is the ten millions digit of 12838001?
1
What is the units digit of 345063?
3
What is the units digit of 46360?
0
What is the tens digit of 18372?
7
What is the units digit of 1095588?
8
What is the hundreds digit of 407527?
5
What is the hundred thousands digit of 13849749?
8
What is the thousands digit of 34441837?
1
What is the millions digit of 3394932?
3
What is the ten thousands digit of 197649?
9
What is the units digit of 1094041?
1
What is the hundred thousands digit of 3659464?
6
What is the thousands digit of 68515?
8
What is the hundred thousands digit of 160392?
1
What is the ten thousands digit of 458343?
5
What is the ten thousands digit of 354956?
5
What is the millions digit of 2964782?
2
What is the hundred thousands digit of 6461170?
4
What is the thousands digit of 652315?
2
What is the units digit of 1615852?
2
What is the thousands digit of 1723456?
3
What is the units digit of 9261362?
2
What is the thousands digit of 965062?
5
What is the units digit of 42710?
0
What is the tens digit of 16729320?
2
What is the units digit of 5007048?
8
What is the hundred thousands digit of 453555?
4
What is the tens digit of 9462652?
5
What is the tens digit of 445660?
6
What is the millions digit of 3818448?
3
What is the hundred thousands digit of 20342205?
3
What is the ten millions digit of 10820550?
1
What is the ten thousands digit of 6980349?
8
What is the millions digit of 1315542?
1
What is the hundred thousands digit of 3718321?
7
What is the units digit of 9684613?
3
What is the tens digit of 4890101?
0
What is the tens digit of 592911?
1
What is the units digit of 1389039?
9
What is the hundreds digit of 20184?
1
What is the units digit of 19445107?
7
What is the ten millions digit of 11912983?
1
What is the millions digit of 2814997?
2
What is the tens digit of 1136464?
6
What is the ten thousands digit of 455019?
5
What is the hundreds digit of 27819547?
5
What is the ten thousands digit of 20689?
2
What is the units digit of 936067?
7
What is the millions digit of 6855000?
6
What is the hundred thousands digit of 8611242?
6
What is the tens digit of 2552665?
6
What is the hundred thousands digit of 902165?
9
What is the ten thousands digit of 278643?
7
What is the ten thousands digit of 326323?
2
What is the thousands digit of 258108?
8
What is the hundred thousands digit of 385664?
3
What is the hundred thousands digit of 3295262?
2
What is the hundred thousands digit of 901327?
9
What is the millions digit of 1449810?
1
What is the units digit of 135109?
9
What is the units digit of 18548301?
1
What is the tens digit of 33552738?
3
What is the ten thousands digit of 47612?
4
What is the hundreds digit of 43924?
9
What is the thousands digit of 480854?
0
What is the thousands digit of 623210?
3
What is the tens digit of 71707?
0
What is the hundreds digit of 161401?
4
What is the tens digit of 18588016?
1
What is the millions digit of 1233953?
1
What is the units digit of 1730890?
0
What is the units digit of 533992?
2
What is the hundreds digit of 440025?
0
What is the ten thousands digit of 375660?
7
What is the units digit of 8294919?
9
What is the tens digit of 459592?
9
What is the millions digit of 1819431?
1
What is the tens digit of 238702?
0
What is the hundreds digit of 467165?
1
What 